
{"id":425,"date":"2022-04-22T02:22:14","date_gmt":"2022-04-22T02:22:14","guid":{"rendered":"https:\/\/ejercitodemaria.com\/?page_id=425"},"modified":"2022-06-11T18:56:13","modified_gmt":"2022-06-11T23:56:13","slug":"sobre-hector-morales","status":"publish","type":"page","link":"https:\/\/ejercitodemaria.com\/?page_id=425","title":{"rendered":"Sobre H\u00e9ctor Morales"},"content":{"rendered":"<div class=\"wp-block-image is-style-rounded\">\n<figure class=\"aligncenter size-full is-resized\"><a href=\"https:\/\/ejercitodemaria.com\/wp-content\/uploads\/2022\/04\/HIMH-perfil.jpg\"><img loading=\"lazy\" decoding=\"async\" src=\"https:\/\/ejercitodemaria.com\/wp-content\/uploads\/2022\/04\/HIMH-perfil.jpg\" alt=\"\" class=\"wp-image-426\" width=\"182\" height=\"324\" srcset=\"https:\/\/ejercitodemaria.com\/wp-content\/uploads\/2022\/04\/HIMH-perfil.jpg 576w, https:\/\/ejercitodemaria.com\/wp-content\/uploads\/2022\/04\/HIMH-perfil-300x533.jpg 300w, https:\/\/ejercitodemaria.com\/wp-content\/uploads\/2022\/04\/HIMH-perfil-169x300.jpg 169w\" sizes=\"auto, (max-width: 182px) 100vw, 182px\" \/><\/a><figcaption>H\u00e9ctor Morales<\/figcaption><\/figure><\/div>\n\n\n<p><strong>SEMBLANZA<\/strong><\/p>\n\n\n\n<p>Originario de Guadalajara, Jalisco, M\u00e9xico. Nace en el seno de una familia cat\u00f3lica. Sus padres, H\u00e9ctor y Celina fueron un matrimonio comprometido con el Reino de Dios, primero perteneciendo al movimiento Familiar Cristiano y posteriormente como Gu\u00edas de los talleres de Oraci\u00f3n y Vida del Padre Ignacio Larra\u00f1aga. Es bisnieto de Ezequiel Huerta Gutierrez, m\u00e1rtir de la revoluci\u00f3n cristera y quien fue fusilado el 3 de abril de 1927. Ezequiel es actualmente Beato y en proceso de canonizaci\u00f3n en la causa de Anacleto Gonz\u00e1lez Flores y compa\u00f1eros. Su abuelita materna Carmen Huerta Garc\u00eda, hija de Ezequiel, le transmite ese amor a Dios de su pap\u00e1 tan grande, al grado de no dudar en ofrecer su vida por \u00c9l en defensa del Evangelio y de su Reino.<\/p>\n\n\n\n<p>Es el mayor de 7 hermanos, de los cuales 3 ya han fallecido de forma tr\u00e1gica junto con 2 de sus sobrinos, hijos de sus hermanos.<\/p>\n\n\n\n<p>En el a\u00f1o de 1988 entra a formar parte del Movimiento de Renovaci\u00f3n Carism\u00e1tica en el Esp\u00edritu Santo, participando activamente, dando Seminarios de Vida en el Esp\u00edritu y trabajando de tiempo completo para ese movimiento.<\/p>\n\n\n\n<p>En el a\u00f1o de 2014, cuando participaba de una presentaci\u00f3n del entonces en activo Padre Teo, es cuando dicho sacerdote le informa que las muertes en su familia son debidas a una \u201catadura familiar\u201d.<\/p>\n\n\n\n<p>A principios del a\u00f1o 2017 llega a sus manos el libro de Sanaci\u00f3n de las Familias del Padre Yozefu Ssemakula. Asistiendo al taller de Sanaci\u00f3n de Familias impartido por el mismo padre Yozefu, en la ciudad de Tepic, Nayarit, el \u00faltimo fin de semana del mes de junio de 2017.<\/p>\n\n\n\n<p>Ese mismo a\u00f1o, en el mes de septiembre, asiste a la Escuela de Formaci\u00f3n del Padre Yozefu, en la ciudad de Quer\u00e9taro, Mex.<\/p>\n\n\n\n<p>En el mes de octubre de 2017 organiza el primer taller seminario en la ciudad de Puerto Vallarta, hosped\u00e1ndose el Padre Yozefu en su casa durante 5 d\u00edas, tiempo que aprovech\u00f3 para reafirmar y confirmar su ministerio a trav\u00e9s de la Sanaci\u00f3n de Familias.<\/p>\n\n\n\n<p>A trav\u00e9s de las oraciones propuestas por el Padre Yozefu el Se\u00f1or lo liber\u00f3 de varias ataduras, especialmente la atadura de muertes accidentales.<\/p>\n\n\n\n<p>A partir de ese momento, se ha dedicado a prepararse y capacitarse para impartir el Taller Seminario de Sanaci\u00f3n de Familias, llevando esta gran bendici\u00f3n al mayor n\u00famero de familias posible.<\/p>\n\n\n\n<h2 class=\"has-text-align-center wp-block-heading\">CERTIFICACI\u00d3N OFICIAL <\/h2>\n\n\n\n<figure class=\"wp-block-image size-large\"><a href=\"https:\/\/ejercitodemaria.com\/wp-content\/uploads\/2022\/04\/Certificado.jpeg\"><img loading=\"lazy\" decoding=\"async\" width=\"1024\" height=\"791\" src=\"https:\/\/ejercitodemaria.com\/wp-content\/uploads\/2022\/04\/Certificado-1024x791.jpeg\" alt=\"\" class=\"wp-image-427\" srcset=\"https:\/\/ejercitodemaria.com\/wp-content\/uploads\/2022\/04\/Certificado-1024x791.jpeg 1024w, https:\/\/ejercitodemaria.com\/wp-content\/uploads\/2022\/04\/Certificado-300x232.jpeg 300w, https:\/\/ejercitodemaria.com\/wp-content\/uploads\/2022\/04\/Certificado-600x464.jpeg 600w, https:\/\/ejercitodemaria.com\/wp-content\/uploads\/2022\/04\/Certificado-768x593.jpeg 768w, https:\/\/ejercitodemaria.com\/wp-content\/uploads\/2022\/04\/Certificado-1536x1187.jpeg 1536w, https:\/\/ejercitodemaria.com\/wp-content\/uploads\/2022\/04\/Certificado-1140x881.jpeg 1140w, https:\/\/ejercitodemaria.com\/wp-content\/uploads\/2022\/04\/Certificado.jpeg 1600w\" sizes=\"auto, (max-width: 1024px) 100vw, 1024px\" \/><\/a><\/figure>\n\n\n\n<div data-wp-interactive=\"core\/file\" class=\"wp-block-file\"><object data-wp-bind--hidden=\"!state.hasPdfPreview\" hidden class=\"wp-block-file__embed\" data=\"https:\/\/ejercitodemaria.com\/wp-content\/uploads\/2022\/04\/CV-Hector-Morales.pdf\" type=\"application\/pdf\" style=\"width:100%;height:600px\" aria-label=\"Incrustado de Incrustado de CV-Hector-Morales..\"><\/object><a id=\"wp-block-file--media-aef47032-1654-4f79-b9de-6685803ff3ed\" href=\"https:\/\/ejercitodemaria.com\/wp-content\/uploads\/2022\/04\/CV-Hector-Morales.pdf\">CV-Hector-Morales<\/a><\/div>\n","protected":false},"excerpt":{"rendered":"<p>SEMBLANZA Originario de Guadalajara, Jalisco, M\u00e9xico. Nace en el seno de una familia cat\u00f3lica. Sus padres, H\u00e9ctor y Celina fueron un matrimonio comprometido con el Reino de Dios, primero perteneciendo al movimiento Familiar Cristiano y posteriormente como Gu\u00edas de los talleres de Oraci\u00f3n y Vida del Padre Ignacio Larra\u00f1aga. Es bisnieto de Ezequiel Huerta Gutierrez, m\u00e1rtir de la revoluci\u00f3n cristera y quien fue fusilado el 3 de abril de 1927. Ezequiel es actualmente Beato y en proceso de canonizaci\u00f3n en la causa de Anacleto Gonz\u00e1lez Flores y compa\u00f1eros. Su abuelita materna Carmen Huerta Garc\u00eda, hija de Ezequiel, le transmite ese amor a Dios de su pap\u00e1 tan grande, al grado de no dudar en ofrecer su vida por \u00c9l en defensa del Evangelio y de su Reino. Es el mayor de 7 hermanos, de los cuales 3 ya han fallecido de forma tr\u00e1gica junto con 2 de sus sobrinos, hijos de sus hermanos. En el a\u00f1o de 1988 entra a formar parte del Movimiento de Renovaci\u00f3n Carism\u00e1tica en el Esp\u00edritu Santo, participando activamente, dando Seminarios de Vida en el Esp\u00edritu y trabajando de tiempo completo para ese movimiento. En el a\u00f1o de 2014, cuando participaba de una presentaci\u00f3n del entonces en activo Padre Teo, es cuando dicho sacerdote le informa que las muertes en su familia son debidas a una \u201catadura familiar\u201d. A principios del a\u00f1o 2017 llega a sus manos el libro de Sanaci\u00f3n de las Familias del Padre Yozefu Ssemakula. Asistiendo al taller de Sanaci\u00f3n de Familias impartido por el mismo padre Yozefu, en la ciudad de Tepic, Nayarit, el \u00faltimo fin de semana del mes de junio de 2017. Ese mismo a\u00f1o, en el mes de septiembre, asiste a la Escuela de Formaci\u00f3n del Padre Yozefu, en la ciudad de Quer\u00e9taro, Mex. En el mes de octubre de 2017 organiza el primer taller seminario en la ciudad de Puerto Vallarta, hosped\u00e1ndose el Padre Yozefu en su casa durante 5 d\u00edas, tiempo que aprovech\u00f3 para reafirmar y confirmar su ministerio a trav\u00e9s de la Sanaci\u00f3n de Familias. A trav\u00e9s de las oraciones propuestas por el Padre Yozefu el Se\u00f1or lo liber\u00f3 de varias ataduras, especialmente la atadura de muertes accidentales. A partir de ese momento, se ha dedicado a prepararse y capacitarse para impartir el Taller Seminario de Sanaci\u00f3n de Familias, llevando esta gran bendici\u00f3n al mayor n\u00famero de familias posible. CERTIFICACI\u00d3N OFICIAL<\/p>\n","protected":false},"author":1,"featured_media":0,"parent":0,"menu_order":0,"comment_status":"closed","ping_status":"closed","template":"","meta":{"footnotes":""},"class_list":["post-425","page","type-page","status-publish","hentry"],"_links":{"self":[{"href":"https:\/\/ejercitodemaria.com\/index.php?rest_route=\/wp\/v2\/pages\/425","targetHints":{"allow":["GET"]}}],"collection":[{"href":"https:\/\/ejercitodemaria.com\/index.php?rest_route=\/wp\/v2\/pages"}],"about":[{"href":"https:\/\/ejercitodemaria.com\/index.php?rest_route=\/wp\/v2\/types\/page"}],"author":[{"embeddable":true,"href":"https:\/\/ejercitodemaria.com\/index.php?rest_route=\/wp\/v2\/users\/1"}],"replies":[{"embeddable":true,"href":"https:\/\/ejercitodemaria.com\/index.php?rest_route=%2Fwp%2Fv2%2Fcomments&post=425"}],"version-history":[{"count":4,"href":"https:\/\/ejercitodemaria.com\/index.php?rest_route=\/wp\/v2\/pages\/425\/revisions"}],"predecessor-version":[{"id":966,"href":"https:\/\/ejercitodemaria.com\/index.php?rest_route=\/wp\/v2\/pages\/425\/revisions\/966"}],"wp:attachment":[{"href":"https:\/\/ejercitodemaria.com\/index.php?rest_route=%2Fwp%2Fv2%2Fmedia&parent=425"}],"curies":[{"name":"wp","href":"https:\/\/api.w.org\/{rel}","templated":true}]}}

Sobre Héctor Morales

<div class="wp-block-image is-style-rounded">
<figure class="aligncenter size-full is-resized"><a href="https://ejercitodemaria.com/wp-content/uploads/2022/04/HIMH-perfil.jpg"><img loading="lazy" decoding="async" src="https://ejercitodemaria.com/wp-content/uploads/2022/04/HIMH-perfil.jpg" alt="" class="wp-image-426" width="182" height="324" srcset="https://ejercitodemaria.com/wp-content/uploads/2022/04/HIMH-perfil.jpg 576w, https://ejercitodemaria.com/wp-content/uploads/2022/04/HIMH-perfil-300x533.jpg 300w, https://ejercitodemaria.com/wp-content/uploads/2022/04/HIMH-perfil-169x300.jpg 169w" sizes="auto, (max-width: 182px) 100vw, 182px" /></a><figcaption>Héctor Morales</figcaption></figure></div>


<p><strong>SEMBLANZA</strong></p>



<p>Originario de Guadalajara, Jalisco, México. Nace en el seno de una familia católica. Sus padres, Héctor y Celina fueron un matrimonio comprometido con el Reino de Dios, primero perteneciendo al movimiento Familiar Cristiano y posteriormente como Guías de los talleres de Oración y Vida del Padre Ignacio Larrañaga. Es bisnieto de Ezequiel Huerta Gutierrez, mártir de la revolución cristera y quien fue fusilado el 3 de abril de 1927. Ezequiel es actualmente Beato y en proceso de canonización en la causa de Anacleto González Flores y compañeros. Su abuelita materna Carmen Huerta García, hija de Ezequiel, le transmite ese amor a Dios de su papá tan grande, al grado de no dudar en ofrecer su vida por Él en defensa del Evangelio y de su Reino.</p>



<p>Es el mayor de 7 hermanos, de los cuales 3 ya han fallecido de forma trágica junto con 2 de sus sobrinos, hijos de sus hermanos.</p>



<p>En el año de 1988 entra a formar parte del Movimiento de Renovación Carismática en el Espíritu Santo, participando activamente, dando Seminarios de Vida en el Espíritu y trabajando de tiempo completo para ese movimiento.</p>



<p>En el año de 2014, cuando participaba de una presentación del entonces en activo Padre Teo, es cuando dicho sacerdote le informa que las muertes en su familia son debidas a una “atadura familiar”.</p>



<p>A principios del año 2017 llega a sus manos el libro de Sanación de las Familias del Padre Yozefu Ssemakula. Asistiendo al taller de Sanación de Familias impartido por el mismo padre Yozefu, en la ciudad de Tepic, Nayarit, el último fin de semana del mes de junio de 2017.</p>



<p>Ese mismo año, en el mes de septiembre, asiste a la Escuela de Formación del Padre Yozefu, en la ciudad de Querétaro, Mex.</p>



<p>En el mes de octubre de 2017 organiza el primer taller seminario en la ciudad de Puerto Vallarta, hospedándose el Padre Yozefu en su casa durante 5 días, tiempo que aprovechó para reafirmar y confirmar su ministerio a través de la Sanación de Familias.</p>



<p>A través de las oraciones propuestas por el Padre Yozefu el Señor lo liberó de varias ataduras, especialmente la atadura de muertes accidentales.</p>



<p>A partir de ese momento, se ha dedicado a prepararse y capacitarse para impartir el Taller Seminario de Sanación de Familias, llevando esta gran bendición al mayor número de familias posible.</p>



<h2 class="has-text-align-center wp-block-heading">CERTIFICACIÓN OFICIAL </h2>



<figure class="wp-block-image size-large"><a href="https://ejercitodemaria.com/wp-content/uploads/2022/04/Certificado.jpeg"><img loading="lazy" decoding="async" width="1024" height="791" src="https://ejercitodemaria.com/wp-content/uploads/2022/04/Certificado-1024x791.jpeg" alt="" class="wp-image-427" srcset="https://ejercitodemaria.com/wp-content/uploads/2022/04/Certificado-1024x791.jpeg 1024w, https://ejercitodemaria.com/wp-content/uploads/2022/04/Certificado-300x232.jpeg 300w, https://ejercitodemaria.com/wp-content/uploads/2022/04/Certificado-600x464.jpeg 600w, https://ejercitodemaria.com/wp-content/uploads/2022/04/Certificado-768x593.jpeg 768w, https://ejercitodemaria.com/wp-content/uploads/2022/04/Certificado-1536x1187.jpeg 1536w, https://ejercitodemaria.com/wp-content/uploads/2022/04/Certificado-1140x881.jpeg 1140w, https://ejercitodemaria.com/wp-content/uploads/2022/04/Certificado.jpeg 1600w" sizes="auto, (max-width: 1024px) 100vw, 1024px" /></a></figure>



<div data-wp-interactive="core/file" class="wp-block-file"><object data-wp-bind--hidden="!state.hasPdfPreview" hidden class="wp-block-file__embed" data="https://ejercitodemaria.com/wp-content/uploads/2022/04/CV-Hector-Morales.pdf" type="application/pdf" style="width:100%;height:600px" aria-label="Incrustado de Incrustado de CV-Hector-Morales.."></object><a id="wp-block-file--media-aef47032-1654-4f79-b9de-6685803ff3ed" href="https://ejercitodemaria.com/wp-content/uploads/2022/04/CV-Hector-Morales.pdf">CV-Hector-Morales</a></div>

<p>SEMBLANZA Originario de Guadalajara, Jalisco, México. Nace en el seno de una familia católica. Sus padres, Héctor y Celina fueron un matrimonio comprometido con el Reino de Dios, primero perteneciendo al movimiento Familiar Cristiano y posteriormente como Guías de los talleres de Oración y Vida del Padre Ignacio Larrañaga. Es bisnieto de Ezequiel Huerta Gutierrez, mártir de la revolución cristera y quien fue fusilado el 3 de abril de 1927. Ezequiel es actualmente Beato y en proceso de canonización en la causa de Anacleto González Flores y compañeros. Su abuelita materna Carmen Huerta García, hija de Ezequiel, le transmite ese amor a Dios de su papá tan grande, al grado de no dudar en ofrecer su vida por Él en defensa del Evangelio y de su Reino. Es el mayor de 7 hermanos, de los cuales 3 ya han fallecido de forma trágica junto con 2 de sus sobrinos, hijos de sus hermanos. En el año de 1988 entra a formar parte del Movimiento de Renovación Carismática en el Espíritu Santo, participando activamente, dando Seminarios de Vida en el Espíritu y trabajando de tiempo completo para ese movimiento. En el año de 2014, cuando participaba de una presentación del entonces en activo Padre Teo, es cuando dicho sacerdote le informa que las muertes en su familia son debidas a una “atadura familiar”. A principios del año 2017 llega a sus manos el libro de Sanación de las Familias del Padre Yozefu Ssemakula. Asistiendo al taller de Sanación de Familias impartido por el mismo padre Yozefu, en la ciudad de Tepic, Nayarit, el último fin de semana del mes de junio de 2017. Ese mismo año, en el mes de septiembre, asiste a la Escuela de Formación del Padre Yozefu, en la ciudad de Querétaro, Mex. En el mes de octubre de 2017 organiza el primer taller seminario en la ciudad de Puerto Vallarta, hospedándose el Padre Yozefu en su casa durante 5 días, tiempo que aprovechó para reafirmar y confirmar su ministerio a través de la Sanación de Familias. A través de las oraciones propuestas por el Padre Yozefu el Señor lo liberó de varias ataduras, especialmente la atadura de muertes accidentales. A partir de ese momento, se ha dedicado a prepararse y capacitarse para impartir el Taller Seminario de Sanación de Familias, llevando esta gran bendición al mayor número de familias posible. CERTIFICACIÓN OFICIAL</p>
