
{"id":124,"date":"2022-03-28T19:46:52","date_gmt":"2022-03-28T19:46:52","guid":{"rendered":"https:\/\/ejercitodemaria.com\/?page_id=124"},"modified":"2023-08-28T10:48:51","modified_gmt":"2023-08-28T16:48:51","slug":"sobre-nosotros","status":"publish","type":"page","link":"https:\/\/ejercitodemaria.com\/?page_id=124","title":{"rendered":"Nosotros"},"content":{"rendered":"<div class=\"wpb-content-wrapper\"><p>[vc_row][vc_column width=\u00bb1\/2&#8243;][vc_btn title=\u00bbSobre H\u00e9ctor Morales\u00bb color=\u00bbpeacoc\u00bb align=\u00bbright\u00bb link=\u00bburl:https%3A%2F%2Fejercitodemaria.com%2F%3Fpage_id%3D425&#8243;][vc_btn title=\u00bbMinisterio Internaci\u00f3nal\u00bb color=\u00bbsuccess\u00bb align=\u00bbright\u00bb link=\u00bburl:https%3A%2F%2Fejercitodemaria.com%2F%3Fpage_id%3D363&#8243;][vc_single_image image=\u00bb340&#8243; img_size=\u00bbfull\u00bb alignment=\u00bbright\u00bb][\/vc_column][vc_column width=\u00bb1\/2&#8243;][vc_column_text]En el ministerio de Sanaci\u00f3n de Familias Guadalajara, Mex. estamos comprometidos con la evangelizaci\u00f3n por medio del taller seminario de Sanaci\u00f3n de Familias basado en las ense\u00f1anzas del Padre Yozefu Ssemakula.<\/p>\n<p>Este ministerio nace en el a\u00f1o de 2017.<\/p>\n<p>Estamos afiliados al Ministerio Internacional de Sanaci\u00f3n de Familias del Padre Yozefu.<\/p>\n<p>Durante todos estos a\u00f1os nos hemos dedicado a ofrecer talleres de Sanci\u00f3n de Familias presenciales y tambi\u00e9n, a ra\u00edz de la pandemia, talleres seminario Online.<\/p>\n<p>En la actualidad, en nuestra sociedad, tenemos familias atravesando todo tipo de problemas y dificultades; familias divididas, llenas de rencor y odio, enfermas, con crisis econ\u00f3micas, etc. En nuestros hogares hemos expulsado a Dios N.S. y hemos permitido que el enemigo entre a nuestras vidas. Pero Dios debe de ser el centro de nuestras familias y de nuestras vidas, debemos de retomar el camino que nos lleva de regreso a la Casa del Padre. Venimos de Dios y vamos a Dios.[\/vc_column_text][\/vc_column][\/vc_row][vc_row][vc_column][vc_column_text]Nuestro objetivo particular es el de poder llevar este mensaje de Conversi\u00f3n, Sanaci\u00f3n y Liberaci\u00f3n al mayor n\u00famero de familias posible, ya que Dios quiere Familias sanas, libres, llenas del Esp\u00edritu Santo, trabajando en la construcci\u00f3n del Reino de Dios.<\/p>\n<p>El Ministerio de Sanaci\u00f3n de Familias del Padre Yozefu comenz\u00f3 a principios de 2008 en la Parroquia del Sagrado Coraz\u00f3n en Lanark, FL, donde el P. Yozefu fue administrador de la parroquia por m\u00e1s o menos tres a\u00f1os. La ya conocida historia de Joe relatada en el libro de Sanaci\u00f3n de Familias en el Cap\u00edtulo 3 hab\u00eda ocurrido en el verano de 2007, en la catedral de San Tom\u00e1s Moro en Tallahassee, Florida, donde el P. Yozefu era vicario. En los pr\u00f3ximos 6 meses el P. Yozefu se dedic\u00f3 a tratar de \u00abdigerir\u00bb los hechos concretos de esta historia, como lo relata en su libro. A principios del a\u00f1o siguiente, 2008, naci\u00f3 el Ministerio de Sanaci\u00f3n de Familias (MSF).<\/p>\n<p>Los primeros participantes del seminario del MSF fueron solo unos pocos feligreses, que 12 a\u00f1os m\u00e1s tarde han convertido en un par de miles. Desde la humilde parroquia del Sagrado Coraz\u00f3n en Lanark, Florida, el MSF ha llegado a m\u00e1s de 30 pa\u00edses y sigue creciendo. Hoy en d\u00eda muchos sacerdotes, exorcistas, religiosos y laicos est\u00e1n impartiendo el seminario del MSF y dondequiera que este se presente, le ha seguido un rastro constante de la misericordia sanadora del Padre Celestial.<\/p>\n<p>T\u00fa tambi\u00e9n puedes ser parte de esto f\u00e1cilmente, solo entra en el proceso de oraci\u00f3n del MSF. Ya 12 Obispos y arzobispos de todo el mundo se han sentado durante todo el proceso de 3 d\u00edas del Seminario del MSF.<\/p>\n<p>El libro \u201cLa Sanaci\u00f3n de Familias\u201d se escribi\u00f3 en el a\u00f1o de 2011, mientras que el P. Yozefu estaba haciendo su maestr\u00eda en psicolog\u00eda en la Universidad de Notre Dame, Indiana. S\u00f3lo se tom\u00f3 un par de meses para escribirlo porque ya hab\u00eda estado haciendo los seminarios del MSF en todo el mundo durante 3 a\u00f1os. Desde entonces, el libro de \u201cLa Sanaci\u00f3n de las Familias\u201d se ha traducido espont\u00e1neamente a 15 idiomas, la mayor\u00eda de ellos ahora solo est\u00e1n pendientes de publicaci\u00f3n.[\/vc_column_text][\/vc_column][\/vc_row][vc_row][vc_column][vc_raw_js]JTNDJTIxLS0lMjBHZXRCdXR0b24uaW8lMjB3aWRnZXQlMjAtLSUzRSUzQ3NjcmlwdCUyMHR5cGUlM0QlMjJ0ZXh0JTJGamF2YXNjcmlwdCUyMiUzRSUwQSUyMCUyMCUyMCUyMCUyOGZ1bmN0aW9uJTIwJTI4JTI5JTIwJTdCJTBBJTIwJTIwJTIwJTIwJTIwJTIwJTIwJTIwdmFyJTIwb3B0aW9ucyUyMCUzRCUyMCU3QiUwQSUyMCUyMCUyMCUyMCUyMCUyMCUyMCUyMCUyMCUyMCUyMCUyMHdoYXRzYXBwJTNBJTIwJTIyJTJCNTIzMzE3OTkwNTAzJTIyJTJDJTIwJTJGJTJGJTIwV2hhdHNBcHAlMjBudW1iZXIlMEElMjAlMjAlMjAlMjAlMjAlMjAlMjAlMjAlMjAlMjAlMjAlMjBjYWxsX3RvX2FjdGlvbiUzQSUyMCUyMkVudiVDMyVBRGFub3MlMjB1biUyMG1lbnNhamUlMjIlMkMlMjAlMkYlMkYlMjBDYWxsJTIwdG8lMjBhY3Rpb24lMEElMjAlMjAlMjAlMjAlMjAlMjAlMjAlMjAlMjAlMjAlMjAlMjBwb3NpdGlvbiUzQSUyMCUyMnJpZ2h0JTIyJTJDJTIwJTJGJTJGJTIwUG9zaXRpb24lMjBtYXklMjBiZSUyMCUyN3JpZ2h0JTI3JTIwb3IlMjAlMjdsZWZ0JTI3JTBBJTIwJTIwJTIwJTIwJTIwJTIwJTIwJTIwJTdEJTNCJTBBJTIwJTIwJTIwJTIwJTIwJTIwJTIwJTIwdmFyJTIwcHJvdG8lMjAlM0QlMjBkb2N1bWVudC5sb2NhdGlvbi5wcm90b2NvbCUyQyUyMGhvc3QlMjAlM0QlMjAlMjJnZXRidXR0b24uaW8lMjIlMkMlMjB1cmwlMjAlM0QlMjBwcm90byUyMCUyQiUyMCUyMiUyRiUyRnN0YXRpYy4lMjIlMjAlMkIlMjBob3N0JTNCJTBBJTIwJTIwJTIwJTIwJTIwJTIwJTIwJTIwdmFyJTIwcyUyMCUzRCUyMGRvY3VtZW50LmNyZWF0ZUVsZW1lbnQlMjglMjdzY3JpcHQlMjclMjklM0IlMjBzLnR5cGUlMjAlM0QlMjAlMjd0ZXh0JTJGamF2YXNjcmlwdCUyNyUzQiUyMHMuYXN5bmMlMjAlM0QlMjB0cnVlJTNCJTIwcy5zcmMlMjAlM0QlMjB1cmwlMjAlMkIlMjAlMjclMkZ3aWRnZXQtc2VuZC1idXR0b24lMkZqcyUyRmluaXQuanMlMjclM0IlMEElMjAlMjAlMjAlMjAlMjAlMjAlMjAlMjBzLm9ubG9hZCUyMCUzRCUyMGZ1bmN0aW9uJTIwJTI4JTI5JTIwJTdCJTIwV2hXaWRnZXRTZW5kQnV0dG9uLmluaXQlMjhob3N0JTJDJTIwcHJvdG8lMkMlMjBvcHRpb25zJTI5JTNCJTIwJTdEJTNCJTBBJTIwJTIwJTIwJTIwJTIwJTIwJTIwJTIwdmFyJTIweCUyMCUzRCUyMGRvY3VtZW50LmdldEVsZW1lbnRzQnlUYWdOYW1lJTI4JTI3c2NyaXB0JTI3JTI5JTVCMCU1RCUzQiUyMHgucGFyZW50Tm9kZS5pbnNlcnRCZWZvcmUlMjhzJTJDJTIweCUyOSUzQiUwQSUyMCUyMCUyMCUyMCU3RCUyOSUyOCUyOSUzQiUwQSUzQyUyRnNjcmlwdCUzRSUzQyUyMS0tJTIwJTJGR2V0QnV0dG9uLmlvJTIwd2lkZ2V0JTIwLS0lM0U=[\/vc_raw_js][\/vc_column][\/vc_row]<\/p>\n<\/div>","protected":false},"excerpt":{"rendered":"<p>[vc_row][vc_column width=\u00bb1\/2&#8243;][vc_btn title=\u00bbSobre H\u00e9ctor Morales\u00bb color=\u00bbpeacoc\u00bb align=\u00bbright\u00bb link=\u00bburl:https%3A%2F%2Fejercitodemaria.com%2F%3Fpage_id%3D425&#8243;][vc_btn title=\u00bbMinisterio Internaci\u00f3nal\u00bb color=\u00bbsuccess\u00bb align=\u00bbright\u00bb link=\u00bburl:https%3A%2F%2Fejercitodemaria.com%2F%3Fpage_id%3D363&#8243;][vc_single_image image=\u00bb340&#8243; img_size=\u00bbfull\u00bb alignment=\u00bbright\u00bb][\/vc_column][vc_column width=\u00bb1\/2&#8243;][vc_column_text]En el ministerio de Sanaci\u00f3n de Familias Guadalajara, Mex. estamos comprometidos con la evangelizaci\u00f3n por medio del taller seminario de Sanaci\u00f3n de Familias basado en las ense\u00f1anzas del Padre Yozefu Ssemakula. Este ministerio nace en el a\u00f1o de 2017. Estamos afiliados al Ministerio Internacional de Sanaci\u00f3n de Familias del Padre Yozefu. Durante todos estos a\u00f1os nos hemos dedicado a ofrecer talleres de Sanci\u00f3n de Familias presenciales y tambi\u00e9n, a ra\u00edz de la pandemia, talleres seminario Online. En la actualidad, en nuestra sociedad, tenemos familias atravesando todo tipo de problemas y dificultades; familias divididas, llenas de rencor y odio, enfermas, con crisis econ\u00f3micas, etc. En nuestros hogares hemos expulsado a Dios N.S. y hemos permitido que el enemigo entre a nuestras vidas. Pero Dios debe de ser el centro de nuestras familias y de nuestras vidas, debemos de retomar el camino que nos lleva de regreso a la Casa del Padre. Venimos de Dios y vamos a Dios.[\/vc_column_text][\/vc_column][\/vc_row][vc_row][vc_column][vc_column_text]Nuestro objetivo particular es el de poder llevar este mensaje de Conversi\u00f3n, Sanaci\u00f3n y Liberaci\u00f3n al mayor n\u00famero de familias posible, ya que Dios quiere Familias sanas, libres, llenas del Esp\u00edritu Santo, trabajando en la construcci\u00f3n del Reino de Dios. El Ministerio de Sanaci\u00f3n de Familias del Padre Yozefu comenz\u00f3 a principios de 2008 en la Parroquia del Sagrado Coraz\u00f3n en Lanark, FL, donde el P. Yozefu fue administrador de la parroquia por m\u00e1s o menos tres a\u00f1os. La ya conocida historia de Joe relatada en el libro de Sanaci\u00f3n de Familias en el Cap\u00edtulo 3 hab\u00eda ocurrido en el verano de 2007, en la catedral de San Tom\u00e1s Moro en Tallahassee, Florida, donde el P. Yozefu era vicario. En los pr\u00f3ximos 6 meses el P. Yozefu se dedic\u00f3 a tratar de \u00abdigerir\u00bb los hechos concretos de esta historia, como lo relata en su libro. A principios del a\u00f1o siguiente, 2008, naci\u00f3 el Ministerio de Sanaci\u00f3n de Familias (MSF). Los primeros participantes del seminario del MSF fueron solo unos pocos feligreses, que 12 a\u00f1os m\u00e1s tarde han convertido en un par de miles. Desde la humilde parroquia del Sagrado Coraz\u00f3n en Lanark, Florida, el MSF ha llegado a m\u00e1s de 30 pa\u00edses y sigue creciendo. Hoy en d\u00eda muchos sacerdotes, exorcistas, religiosos y laicos est\u00e1n impartiendo el seminario del MSF y dondequiera que este se presente, le ha seguido un rastro constante de la misericordia sanadora del Padre Celestial. T\u00fa tambi\u00e9n puedes ser parte de esto f\u00e1cilmente, solo entra en el proceso de oraci\u00f3n del MSF. Ya 12 Obispos y arzobispos de todo el mundo se han sentado durante todo el proceso de 3 d\u00edas del Seminario del MSF. El libro \u201cLa Sanaci\u00f3n de Familias\u201d se escribi\u00f3 en el a\u00f1o de 2011, mientras que el P. Yozefu estaba haciendo su maestr\u00eda en psicolog\u00eda en la Universidad de Notre Dame, Indiana. S\u00f3lo se tom\u00f3 un par de meses para escribirlo porque ya hab\u00eda estado haciendo los seminarios del MSF en todo el mundo durante 3 a\u00f1os. Desde entonces, el libro de \u201cLa Sanaci\u00f3n de las Familias\u201d se ha traducido espont\u00e1neamente a 15 idiomas, la mayor\u00eda de ellos ahora solo est\u00e1n pendientes de publicaci\u00f3n.[\/vc_column_text][\/vc_column][\/vc_row][vc_row][vc_column][vc_raw_js]JTNDJTIxLS0lMjBHZXRCdXR0b24uaW8lMjB3aWRnZXQlMjAtLSUzRSUzQ3NjcmlwdCUyMHR5cGUlM0QlMjJ0ZXh0JTJGamF2YXNjcmlwdCUyMiUzRSUwQSUyMCUyMCUyMCUyMCUyOGZ1bmN0aW9uJTIwJTI4JTI5JTIwJTdCJTBBJTIwJTIwJTIwJTIwJTIwJTIwJTIwJTIwdmFyJTIwb3B0aW9ucyUyMCUzRCUyMCU3QiUwQSUyMCUyMCUyMCUyMCUyMCUyMCUyMCUyMCUyMCUyMCUyMCUyMHdoYXRzYXBwJTNBJTIwJTIyJTJCNTIzMzE3OTkwNTAzJTIyJTJDJTIwJTJGJTJGJTIwV2hhdHNBcHAlMjBudW1iZXIlMEElMjAlMjAlMjAlMjAlMjAlMjAlMjAlMjAlMjAlMjAlMjAlMjBjYWxsX3RvX2FjdGlvbiUzQSUyMCUyMkVudiVDMyVBRGFub3MlMjB1biUyMG1lbnNhamUlMjIlMkMlMjAlMkYlMkYlMjBDYWxsJTIwdG8lMjBhY3Rpb24lMEElMjAlMjAlMjAlMjAlMjAlMjAlMjAlMjAlMjAlMjAlMjAlMjBwb3NpdGlvbiUzQSUyMCUyMnJpZ2h0JTIyJTJDJTIwJTJGJTJGJTIwUG9zaXRpb24lMjBtYXklMjBiZSUyMCUyN3JpZ2h0JTI3JTIwb3IlMjAlMjdsZWZ0JTI3JTBBJTIwJTIwJTIwJTIwJTIwJTIwJTIwJTIwJTdEJTNCJTBBJTIwJTIwJTIwJTIwJTIwJTIwJTIwJTIwdmFyJTIwcHJvdG8lMjAlM0QlMjBkb2N1bWVudC5sb2NhdGlvbi5wcm90b2NvbCUyQyUyMGhvc3QlMjAlM0QlMjAlMjJnZXRidXR0b24uaW8lMjIlMkMlMjB1cmwlMjAlM0QlMjBwcm90byUyMCUyQiUyMCUyMiUyRiUyRnN0YXRpYy4lMjIlMjAlMkIlMjBob3N0JTNCJTBBJTIwJTIwJTIwJTIwJTIwJTIwJTIwJTIwdmFyJTIwcyUyMCUzRCUyMGRvY3VtZW50LmNyZWF0ZUVsZW1lbnQlMjglMjdzY3JpcHQlMjclMjklM0IlMjBzLnR5cGUlMjAlM0QlMjAlMjd0ZXh0JTJGamF2YXNjcmlwdCUyNyUzQiUyMHMuYXN5bmMlMjAlM0QlMjB0cnVlJTNCJTIwcy5zcmMlMjAlM0QlMjB1cmwlMjAlMkIlMjAlMjclMkZ3aWRnZXQtc2VuZC1idXR0b24lMkZqcyUyRmluaXQuanMlMjclM0IlMEElMjAlMjAlMjAlMjAlMjAlMjAlMjAlMjBzLm9ubG9hZCUyMCUzRCUyMGZ1bmN0aW9uJTIwJTI4JTI5JTIwJTdCJTIwV2hXaWRnZXRTZW5kQnV0dG9uLmluaXQlMjhob3N0JTJDJTIwcHJvdG8lMkMlMjBvcHRpb25zJTI5JTNCJTIwJTdEJTNCJTBBJTIwJTIwJTIwJTIwJTIwJTIwJTIwJTIwdmFyJTIweCUyMCUzRCUyMGRvY3VtZW50LmdldEVsZW1lbnRzQnlUYWdOYW1lJTI4JTI3c2NyaXB0JTI3JTI5JTVCMCU1RCUzQiUyMHgucGFyZW50Tm9kZS5pbnNlcnRCZWZvcmUlMjhzJTJDJTIweCUyOSUzQiUwQSUyMCUyMCUyMCUyMCU3RCUyOSUyOCUyOSUzQiUwQSUzQyUyRnNjcmlwdCUzRSUzQyUyMS0tJTIwJTJGR2V0QnV0dG9uLmlvJTIwd2lkZ2V0JTIwLS0lM0U=[\/vc_raw_js][\/vc_column][\/vc_row]<\/p>\n","protected":false},"author":1,"featured_media":0,"parent":0,"menu_order":0,"comment_status":"closed","ping_status":"closed","template":"","meta":{"footnotes":""},"class_list":["post-124","page","type-page","status-publish","hentry"],"_links":{"self":[{"href":"https:\/\/ejercitodemaria.com\/index.php?rest_route=\/wp\/v2\/pages\/124","targetHints":{"allow":["GET"]}}],"collection":[{"href":"https:\/\/ejercitodemaria.com\/index.php?rest_route=\/wp\/v2\/pages"}],"about":[{"href":"https:\/\/ejercitodemaria.com\/index.php?rest_route=\/wp\/v2\/types\/page"}],"author":[{"embeddable":true,"href":"https:\/\/ejercitodemaria.com\/index.php?rest_route=\/wp\/v2\/users\/1"}],"replies":[{"embeddable":true,"href":"https:\/\/ejercitodemaria.com\/index.php?rest_route=%2Fwp%2Fv2%2Fcomments&post=124"}],"version-history":[{"count":29,"href":"https:\/\/ejercitodemaria.com\/index.php?rest_route=\/wp\/v2\/pages\/124\/revisions"}],"predecessor-version":[{"id":8000,"href":"https:\/\/ejercitodemaria.com\/index.php?rest_route=\/wp\/v2\/pages\/124\/revisions\/8000"}],"wp:attachment":[{"href":"https:\/\/ejercitodemaria.com\/index.php?rest_route=%2Fwp%2Fv2%2Fmedia&parent=124"}],"curies":[{"name":"wp","href":"https:\/\/api.w.org\/{rel}","templated":true}]}}